93 is divided by 5972.
2901
What is the remainder when 209264 is divided by 23251?
5
Calculate the remainder when 8175628 is divided by 298.
296
What is the remainder when 37313972 is divided by 305?
272
What is the remainder when 1911602 is divided by 1091?
170
What is the remainder when 18691172 is divided by 642?
626
Calculate the remainder when 117253 is divided by 30.
13
Calculate the remainder when 37483607 is divided by 3080.
7
What is the remainder when 534076 is divided by 1055?
246
What is the remainder when 26265437 is divided by 160?
157
What is the remainder when 1136208 is divided by 12?
0
What is the remainder when 221637 is divided by 4362?
3537
Calculate the remainder when 891379 is divided by 445649.
81
Calculate the remainder when 1046608 is divided by 26.
4
What is the remainder when 1307120 is divided by 653557?
6
Calculate the remainder when 6846923 is divided by 402760.
3
Calculate the remainder when 54184 is divided by 1587.
226
What is the remainder when 414413 is divided by 101877?
6905
What is the remainder when 15788727 is divided by 29?
25
Calculate the remainder when 15877859 is divided by 103.
100
Calculate the remainder when 3679239 is divided by 59.
58
Calculate the remainder when 19103 is divided by 6275.
278
What is the remainder when 1922327 is divided by 696?
671
What is the remainder when 207249586 is divided by 51812394?
10
Calculate the remainder when 168189 is divided by 768.
765
What is the remainder when 273855 is divided by 4505?
3555
What is the remainder when 32974680 is divided by 50?
30
Calculate the remainder when 14925361 is divided by 1074.
1057
Calculate the remainder when 152198 is divided by 266.
46
What is the remainder when 39273 is divided by 1451?
96
What is the remainder when 9920047 is divided by 306?
139
What is the remainder when 4854145 is divided by 840?
625
What is the remainder when 1107027 is divided by 7?
5
Calculate the remainder when 211974 is divided by 558.
492
Calculate the remainder when 18286460 is divided by 212.
188
Calculate the remainder when 288876738 is divided by 254.
252
What is the remainder when 80270760 is divided by 1583?
1579
Calculate the remainder when 31092211 is divided by 1636432.
3
What is the remainder when 90662252 is divided by 1439083?
23
Calculate the remainder when 2915691 is divided by 1457839.
13
What is the remainder when 1641154 is divided by 6460?
314
Calculate the remainder when 240364 is divided by 26706.
10
Calculate the remainder when 737679066 is divided by 1643.
1640
What is the remainder when 5963827 is divided by 745476?
19
Calculate the remainder when 70792 is divided by 372.
112
What is the remainder when 11215893 is divided by 17803?
3
What is the remainder when 2832638 is divided by 32?
30
Calculate the remainder when 158592 is divided by 1652.
0
What is the remainder when 48183 is divided by 15727?
1002
Calculate the remainder when 809344 is divided by 58.
12
What is the remainder when 301597149 is divided by 33510794?
3
What is the remainder when 72453 is divided by 251?
165
Calculate the remainder when 2284795 is divided by 23.
21
What is the remainder when 14203 is divided by 332?
259
What is the remainder when 105080 is divided by 13070?
520
Calculate the remainder when 412141 is divided by 1099.
16
What is the remainder when 8288 is divided by 1285?
578
What is the remainder when 147237 is divided by 1338?
57
Calculate the remainder when 1044791 is divided by 1205.
56
What is the remainder when 372295 is divided by 222?
1
What is the remainder when 44353620 is divided by 6?
0
Calculate the remainder when 219502371 is divided by 7615.
7611
Calculate the remainder when 101576340 is divided by 16929390.
0
What is the remainder when 975710 is divided by 2904?
2870
Calculate the remainder when 48716034 is divided by 6104.
10
Calculate the remainder when 31083 is divided by 30692.
391
Calculate the remainder when 9287518 is divided by 110.
108
What is the remainder when 42263743 is divided by 5041?
5040
Calculate the remainder when 9189 is divided by 767.
752
Calculate the remainder when 20449884 is divided by 9.
3
What is the remainder when 78707254 is divided by 50?
4
Calculate the remainder when 152673 is divided by 2600.
1873
What is the remainder when 1734109 is divided by 52548?
25
What is the remainder when 37096 is divided by 595?
206
Calculate the remainder when 20652556 is divided by 83.
81
Calculate the remainder when 2108158049 is divided by 11.
8
What is the remainder when 4248 is divided by 581?
181
Calculate the remainder when 219592 is divided by 246.
160
Calculate the remainder when 8145 is divided by 81.
45
What is the remainder when 4677309 is divided by 982?
43
Calculate the remainder when 58607 is divided by 19467.
206
Calculate the remainder when 371539047 is divided by 1052.
1051
What is the remainder when 31516 is divided by 30903?
613
What is the remainder when 69123 is divided by 344?
323
Calculate the remainder when 273600 is divided by 775.
25
Calculate the remainder when 618336221 is divided by 22.
19
Calculate the remainder when 606387 is divided by 121273.
22
What is the remainder when 9159615 is divided by 665?
570
Calculate the remainder when 3149328 is divided by 618.
0
Calculate the remainder when 9944686 is divided by 54943.
3
Calculate the remainder when 2070549 is divided by 17697.
0
Calculate the remainder when 233913 is divided by 46.
3
What is the remainder when 12677690 is divided by 82?
80
Calculate the remainder when 865378 is divided by 22.
8
What is the remainder when 2201111 is divided by 183422?
47
What is the remainder when 107857 is divided by 938?
925
What is the remainder when 821967789 is divided by 713?
712
What is the remainder when 26114175 is divided by 3777?
3774
What is the remainder when 57237441 is divided by 1907914?
21
Calculate the remainder when 117395 is divided by 502.
429
Calculate the remainder when 725113 is divided by 238.
165
What is the remainder when 111071 is divided by 1391?
1182
What is the remainder when 862214532 is divided by 35?
32
What is the remainder when 990430 is divided by 990275?
155
What is the remainder when 311718 is divided by 914?
44
Calculate the remainder when 37664 is divided by 1567.
56
Calculate the remainder when 3211001 is divided by 6.
5
Calculate the remainder when 4610338 is divided by 93.
49
Calculate the remainder when 26204 is divided by 8518.
650
What is the remainder when 555519 is divided by 185159?
42
What is the remainder when 1811248559 is divided by 270?
269
What is the remainder when 322333 is divided by 7005?
103
What is the remainder when 25346314 is divided by 2432?
10
Calculate the remainder when 8489177 is divided by 9.
8
What is the remainder when 243733407 is divided by 18?
15
What is the remainder when 1944994 is divided by 200?
194
Calculate the remainder when 66857 is divided by 21403.
2648
Calculate the remainder when 1810442 is divided by 10525.
142
Calculate the remainder when 9822 is divided by 298.
286
Calculate the remainder when 173117 is divided by 17236.
757
What is the remainder when 42103886 is divided by 295?
11
What is the remainder when 23888530 is divided by 622?
620
Calculate the remainder when 159096 is divided by 156684.
2412
Calculate the remainder when 116269 is divided by 571.
356
Calculate the remainder when 73660 is divided by 9673.
5949
Calculate the remainder when 154326037 is divided by 70.
47
Calculate the remainder when 2906525 is divided by 159.
5
What is the remainder when 283204073 is divided by 18?
11
What is the remainder when 257916 is divided by 85894?
234
Calculate the remainder when 3461834 is divided by 9207.
2
Calculate the remainder when 336275315 is divided by 20.
15
Calculate the remainder when 289174 is divided by 303.
112
What is the remainder when 202416 is divided by 16785?
996
What is the remainder when 177301 is divided by 233?
221
Calculate the remainder when 62525473 is divided by 3673.
3667
Calculate the remainder when 17113 is divided by 4842.
2587
What is the remainder when 1484943 is divided by 228?
207
Calculate the remainder when 20253576 is divided by 177.
174
Calculate the remainder when 1362630 is divided by 1362520.
110
What is the remainder w